{"id":4439,"date":"2026-01-22T21:19:07","date_gmt":"2026-01-23T01:19:07","guid":{"rendered":"https:\/\/escueladesaludhsp.com\/?page_id=4439"},"modified":"2026-02-01T18:23:05","modified_gmt":"2026-02-01T22:23:05","slug":"servicios-al-estudiante","status":"publish","type":"page","link":"https:\/\/escueladesaludhsp.com\/?page_id=4439","title":{"rendered":"Servicios al Estudiante"},"content":{"rendered":"\t\t<div data-elementor-type=\"wp-page\" data-elementor-id=\"4439\" class=\"elementor elementor-4439\">\n\t\t\t\t<div class=\"elementor-element elementor-element-2ba8366 e-flex e-con-boxed e-con e-parent\" data-id=\"2ba8366\" data-element_type=\"container\">\n\t\t\t\t\t<div class=\"e-con-inner\">\n\t\t\t\t<div class=\"elementor-element elementor-element-6ade650 elementor-widget elementor-widget-text-editor\" data-id=\"6ade650\" data-element_type=\"widget\" data-widget_type=\"text-editor.default\">\n\t\t\t\t\t\t\t\t\t<p data-start=\"401\" data-end=\"654\">Nuestra plataforma de <strong data-start=\"423\" data-end=\"458\">Servicios al Estudiante <\/strong>centraliza los principales recursos de apoyo al estudiante en un solo entorno digital, dise\u00f1ado para facilitar el acceso, la orientaci\u00f3n y el acompa\u00f1amiento durante toda la trayectoria acad\u00e9mica.<\/p><p data-start=\"656\" data-end=\"827\">Este ecosistema conecta de forma eficiente los servicios de <strong data-start=\"716\" data-end=\"753\">Consejer\u00eda, Recaudo y Registro<\/strong>, permitiendo una experiencia fluida, organizada y centrada en el usuario.<\/p>\t\t\t\t\t\t\t\t<\/div>\n\t\t\t\t\t<\/div>\n\t\t\t\t<\/div>\n\t\t<div class=\"elementor-element elementor-element-a10878c e-grid e-con-boxed e-con e-parent\" data-id=\"a10878c\" data-element_type=\"container\">\n\t\t\t\t\t<div class=\"e-con-inner\">\n\t\t\t\t<div class=\"elementor-element elementor-element-29c3eda elementor-widget elementor-widget-heading\" data-id=\"29c3eda\" data-element_type=\"widget\" data-widget_type=\"heading.default\">\n\t\t\t\t\t<h2 class=\"elementor-heading-title elementor-size-default\">Registro<\/h2>\t\t\t\t<\/div>\n\t\t\t\t<div class=\"elementor-element elementor-element-08f6fb0 elementor-widget elementor-widget-heading\" data-id=\"08f6fb0\" data-element_type=\"widget\" data-widget_type=\"heading.default\">\n\t\t\t\t\t<h2 class=\"elementor-heading-title elementor-size-default\"><span style=\"text-align: center\">Consejer\u00eda<\/span><\/h2>\t\t\t\t<\/div>\n\t\t\t\t\t<\/div>\n\t\t\t\t<\/div>\n\t\t\t\t<\/div>\n\t\t","protected":false},"excerpt":{"rendered":"<p>Nuestra plataforma de Servicios al Estudiante centraliza los principales recursos de apoyo al estudiante en un solo entorno digital, dise\u00f1ado para facilitar el acceso, la orientaci\u00f3n y el acompa\u00f1amiento durante &hellip; <br \/><a href=\"https:\/\/escueladesaludhsp.com\/?page_id=4439\" class=\"more-link\">Continue reading <span class=\"screen-reader-text\">Servicios al Estudiante<\/span><\/a><\/p>\n","protected":false},"author":2,"featured_media":0,"parent":0,"menu_order":0,"comment_status":"closed","ping_status":"closed","template":"","meta":{"footnotes":""},"class_list":["post-4439","page","type-page","status-publish","hentry"],"_links":{"self":[{"href":"https:\/\/escueladesaludhsp.com\/index.php?rest_route=\/wp\/v2\/pages\/4439","targetHints":{"allow":["GET"]}}],"collection":[{"href":"https:\/\/escueladesaludhsp.com\/index.php?rest_route=\/wp\/v2\/pages"}],"about":[{"href":"https:\/\/escueladesaludhsp.com\/index.php?rest_route=\/wp\/v2\/types\/page"}],"author":[{"embeddable":true,"href":"https:\/\/escueladesaludhsp.com\/index.php?rest_route=\/wp\/v2\/users\/2"}],"replies":[{"embeddable":true,"href":"https:\/\/escueladesaludhsp.com\/index.php?rest_route=%2Fwp%2Fv2%2Fcomments&post=4439"}],"version-history":[{"count":6,"href":"https:\/\/escueladesaludhsp.com\/index.php?rest_route=\/wp\/v2\/pages\/4439\/revisions"}],"predecessor-version":[{"id":4459,"href":"https:\/\/escueladesaludhsp.com\/index.php?rest_route=\/wp\/v2\/pages\/4439\/revisions\/4459"}],"wp:attachment":[{"href":"https:\/\/escueladesaludhsp.com\/index.php?rest_route=%2Fwp%2Fv2%2Fmedia&parent=4439"}],"curies":[{"name":"wp","href":"https:\/\/api.w.org\/{rel}","templated":true}]}}