{"id":1449,"date":"2025-07-01T10:07:54","date_gmt":"2025-07-01T14:07:54","guid":{"rendered":"https:\/\/demoapus2.com\/edumy\/home-5-copy\/"},"modified":"2026-01-19T15:50:21","modified_gmt":"2026-01-19T19:50:21","slug":"home-university","status":"publish","type":"page","link":"https:\/\/escueladesaludhsp.com\/","title":{"rendered":"Home &#8211; University"},"content":{"rendered":"\t\t<div data-elementor-type=\"wp-post\" data-elementor-id=\"1449\" class=\"elementor elementor-1449\">\n\t\t\t\t\t\t<section class=\"elementor-section elementor-top-section elementor-element elementor-element-5bfb004 elementor-section-stretched elementor-section-full_width elementor-section-height-default elementor-section-height-default\" data-id=\"5bfb004\" data-element_type=\"section\" data-settings=\"{&quot;stretch_section&quot;:&quot;section-stretched&quot;}\">\n\t\t\t\t\t\t<div class=\"elementor-container elementor-column-gap-extended\">\n\t\t\t\t\t<div class=\"elementor-column elementor-col-100 elementor-top-column elementor-element elementor-element-2699da4\" data-id=\"2699da4\" data-element_type=\"column\">\n\t\t\t<div class=\"elementor-widget-wrap elementor-element-populated\">\n\t\t\t\t\t\t<div class=\"elementor-element elementor-element-1a6f816 elementor-widget elementor-widget-edumy_revslider\" data-id=\"1a6f816\" data-element_type=\"widget\" data-widget_type=\"edumy_revslider.default\">\n\t\t\t\t<div class=\"elementor-widget-container\">\n\t\t\t\t\t        <div class=\"widget-revslider \">\n            \n\t\t\t\t<p class=\"rs-p-wp-fix\"><\/p>\n\t\t\t\t<sr7-module data-alias=\"home-6-1\" data-id=\"6\" id=\"SR7_6_1\" class=\"rs-ov-hidden\" data-version=\"6.7.34\">\n\t\t\t\t\t<sr7-adjuster><\/sr7-adjuster>\n\t\t\t\t\t<sr7-content>\n\t\t\t\t\t\t<sr7-slide id=\"SR7_6_1-11\" data-key=\"11\">\n\t\t\t\t\t\t\t<sr7-bg id=\"SR7_6_1-11-3\" class=\"sr7-layer\"><noscript><img decoding=\"async\" src=\"https:\/\/escueladesaludhsp.com\/wp-content\/uploads\/2025\/09\/syringes-protective-glasses-on-desk-coronavirus-2024-10-18-10-11-58-utc-scaled.jpg\" alt=\"\" title=\"Syringes, protective glasses on desk, coronavirus, covid-19 and vaccination concept.\"><\/noscript><\/sr7-bg>\n\t\t\t\t\t\t\t<sr7-txt id=\"SR7_6_1-11-1\" class=\"sr7-layer\">Escuela de Salud <\/br>\nHima San Plablo<\/sr7-txt>\n\t\t\t\t\t\t\t<sr7-txt id=\"SR7_6_1-11-2\" class=\"sr7-layer\">Donde el deseo de ayudar se convierte en una carrera.<\/sr7-txt>\n\t\t\t\t\t\t<\/sr7-slide>\n\t\t\t\t\t\t<sr7-slide id=\"SR7_6_1-12\" data-key=\"12\">\n\t\t\t\t\t\t\t<sr7-bg id=\"SR7_6_1-12-3\" class=\"sr7-layer\"><noscript><img decoding=\"async\" src=\"https:\/\/escueladesaludhsp.com\/wp-content\/uploads\/2025\/09\/high-angle-view-of-multi-ethnic-group-business-peo-2025-04-03-14-56-42-utc-scaled.jpg\" alt=\"\" title=\"High angle view of multi-ethnic group business people standing in queue at office\"><\/noscript><\/sr7-bg>\n\t\t\t\t\t\t\t<sr7-txt id=\"SR7_6_1-12-1\" class=\"sr7-layer\">Escuela de Salud <\/br>\nHima San Pablo<\/sr7-txt>\n\t\t\t\t\t\t\t<sr7-txt id=\"SR7_6_1-12-2\" class=\"sr7-layer\">Transformamos tu vocaci\u00f3n en impacto real.<\/sr7-txt>\n\t\t\t\t\t\t<\/sr7-slide>\n\t\t\t\t\t\t<sr7-slide id=\"SR7_6_1-14\" data-key=\"14\">\n\t\t\t\t\t\t<\/sr7-slide>\n\t\t\t\t\t<\/sr7-content>\n\t\t\t\t\t<image_lists style=\"display:none\">\n\t\t\t\t\t\t<img data-src=\"\/\/escueladesaludhsp.com\/wp-content\/uploads\/2025\/09\/syringes-protective-glasses-on-desk-coronavirus-2024-10-18-10-11-58-utc-scaled.jpg\" data-libid=\"4227\" data-lib=\"medialibrary\" title=\"Syringes, protective glasses on desk, coronavirus, covid-19 and vaccination concept.\" width=\"0\" height=\"0\" data-dbsrc=\"Ly9lc2N1ZWxhZGVzYWx1ZGhzcC5jb20vd3AtY29udGVudC91cGxvYWRzLzIwMjUvMDkvc3lyaW5nZXMtcHJvdGVjdGl2ZS1nbGFzc2VzLW9uLWRlc2stY29yb25hdmlydXMtMjAyNC0xMC0xOC0xMC0xMS01OC11dGMtc2NhbGVkLmpwZw==\"\/>\n\t\t\t\t\t\t<img data-src=\"\/\/escueladesaludhsp.com\/wp-content\/uploads\/2025\/09\/high-angle-view-of-multi-ethnic-group-business-peo-2025-04-03-14-56-42-utc-scaled.jpg\" data-libid=\"4231\" data-lib=\"medialibrary\" title=\"High angle view of multi-ethnic group business people standing in queue at office\" width=\"0\" height=\"0\" data-dbsrc=\"Ly9lc2N1ZWxhZGVzYWx1ZGhzcC5jb20vd3AtY29udGVudC91cGxvYWRzLzIwMjUvMDkvaGlnaC1hbmdsZS12aWV3LW9mLW11bHRpLWV0aG5pYy1ncm91cC1idXNpbmVzcy1wZW8tMjAyNS0wNC0wMy0xNC01Ni00Mi11dGMtc2NhbGVkLmpwZw==\"\/>\n\t\t\t\t\t<\/image_lists>\n\t\t\t\t<\/sr7-module>\n\t\t\t\t<script>\n\t\t\t\t\tSR7.PMH ??={}; SR7.PMH[\"SR7_6_1\"] = {cn:100,state:false,fn: function() { if (_tpt!==undefined && _tpt.prepareModuleHeight !== undefined) {  _tpt.prepareModuleHeight({id:\"SR7_6_1\",el:[729.991,729.991,768,600,500],type:'standard',shdw:'0',gh:[730,730,768,600,500],gw:[1240,1240,1024,778,480],vpt:['-100px&#039;,&#039;-100px&#039;,&#039;-100px&#039;,&#039;-100px&#039;,&#039;-100px'],size:{fullWidth:true, fullHeight:false},mh:'0',onh:0,onw:0,bg:{color:'{\"orig\":\"transparent\",\"type\":\"solid\",\"string\":\"transparent\"}'},plType:'0',plColor:'#FFFFFF'});   SR7.PMH[\"SR7_6_1\"].state=true;} else if(SR7.PMH[\"SR7_6_1\"].cn-->0)\tsetTimeout( SR7.PMH[\"SR7_6_1\"].fn,19);}};SR7.PMH[\"SR7_6_1\" ].fn();\n\t\t\t\t<\/script>\n        <\/div>\n        \t\t\t\t<\/div>\n\t\t\t\t<\/div>\n\t\t\t\t\t<\/div>\n\t\t<\/div>\n\t\t\t\t\t<\/div>\n\t\t<\/section>\n\t\t\t\t<section class=\"elementor-section elementor-top-section elementor-element elementor-element-b99303b elementor-section-stretched elementor-section-boxed elementor-section-height-default elementor-section-height-default\" data-id=\"b99303b\" data-element_type=\"section\" data-settings=\"{&quot;stretch_section&quot;:&quot;section-stretched&quot;,&quot;background_background&quot;:&quot;classic&quot;}\">\n\t\t\t\t\t\t<div class=\"elementor-container elementor-column-gap-extended\">\n\t\t\t\t\t<div class=\"elementor-column elementor-col-25 elementor-top-column elementor-element elementor-element-5307feb\" data-id=\"5307feb\" data-element_type=\"column\">\n\t\t\t<div class=\"elementor-widget-wrap elementor-element-populated\">\n\t\t\t\t\t\t<div class=\"elementor-element elementor-element-0d3fdbd elementor-widget elementor-widget-edumy_image_box\" data-id=\"0d3fdbd\" data-element_type=\"widget\" data-widget_type=\"edumy_image_box.default\">\n\t\t\t\t<div class=\"elementor-widget-container\">\n\t\t\t\t\t        <div class=\"widget-image-box  layout1\">\n            <div class=\"item-inner\">\n                <div class=\"image-box-image\" style=\"background: url(https:\/\/demoapus2.com\/edumy\/wp-content\/uploads\/2019\/05\/2817.jpg)\";><\/div><div class=\"image-box-content\"><a href=\"https:\/\/escueladesaludhsp.com\/?page_id=4046\" target=\"_self\" ><h3 class=\"title\">Programa<\/h3><\/a><div class=\"description\">Maestr\u00eda en Nurse Practitioner en Cuidado Agudo en Gerontolog\u00eda-Adulto<\/div><a class=\"btn btn-read-more style3\" href=\"https:\/\/escueladesaludhsp.com\/?page_id=4046\" target=\"_self\" >Leer m\u00e1s <i class=\"flaticon-right-arrow-1\"><\/i><\/a><\/div>            <\/div>\n        <\/div>\n        \t\t\t\t<\/div>\n\t\t\t\t<\/div>\n\t\t\t\t\t<\/div>\n\t\t<\/div>\n\t\t\t\t<div class=\"elementor-column elementor-col-25 elementor-top-column elementor-element elementor-element-297aec9\" data-id=\"297aec9\" data-element_type=\"column\">\n\t\t\t<div class=\"elementor-widget-wrap elementor-element-populated\">\n\t\t\t\t\t\t<div class=\"elementor-element elementor-element-a936b9a elementor-widget elementor-widget-edumy_image_box\" data-id=\"a936b9a\" data-element_type=\"widget\" data-widget_type=\"edumy_image_box.default\">\n\t\t\t\t<div class=\"elementor-widget-container\">\n\t\t\t\t\t        <div class=\"widget-image-box  layout1\">\n            <div class=\"item-inner\">\n                <div class=\"image-box-image\" style=\"background: url(https:\/\/demoapus2.com\/edumy\/wp-content\/uploads\/2019\/05\/1157.jpg)\";><\/div><div class=\"image-box-content\"><a href=\"https:\/\/escueladesaludhsp.com\/?page_id=4079\" target=\"_self\" ><h3 class=\"title\">Ayudas Econ\u00f3micas<\/h3><\/a><div class=\"description\">Su objetivo es facilitar el acceso y la permanencia en la educaci\u00f3n postsecundaria<\/div><a class=\"btn btn-read-more style3\" href=\"https:\/\/escueladesaludhsp.com\/?page_id=4079\" target=\"_self\" >Leer m\u00e1s <i class=\"flaticon-right-arrow-1\"><\/i><\/a><\/div>            <\/div>\n        <\/div>\n        \t\t\t\t<\/div>\n\t\t\t\t<\/div>\n\t\t\t\t\t<\/div>\n\t\t<\/div>\n\t\t\t\t<div class=\"elementor-column elementor-col-25 elementor-top-column elementor-element elementor-element-5b574f9\" data-id=\"5b574f9\" data-element_type=\"column\">\n\t\t\t<div class=\"elementor-widget-wrap elementor-element-populated\">\n\t\t\t\t\t\t<div class=\"elementor-element elementor-element-76289bb elementor-widget elementor-widget-edumy_image_box\" data-id=\"76289bb\" data-element_type=\"widget\" data-widget_type=\"edumy_image_box.default\">\n\t\t\t\t<div class=\"elementor-widget-container\">\n\t\t\t\t\t        <div class=\"widget-image-box  layout1\">\n            <div class=\"item-inner\">\n                <div class=\"image-box-image\" style=\"background: url(https:\/\/demoapus2.com\/edumy\/wp-content\/uploads\/2019\/06\/16.jpg)\";><\/div><div class=\"image-box-content\"><a href=\"https:\/\/escueladesaludhsp.com\/?page_id=2471\" target=\"_self\" ><h3 class=\"title\">Cert\u0131f\u0131caci\u00f3n<\/h3><\/a><div class=\"description\">Escuela de Salud Hima San Pablo<\/div><a class=\"btn btn-read-more style3\" href=\"https:\/\/escueladesaludhsp.com\/?page_id=2471\" target=\"_self\" >Leer m\u00e1s <i class=\"flaticon-right-arrow-1\"><\/i><\/a><\/div>            <\/div>\n        <\/div>\n        \t\t\t\t<\/div>\n\t\t\t\t<\/div>\n\t\t\t\t\t<\/div>\n\t\t<\/div>\n\t\t\t\t<div class=\"elementor-column elementor-col-25 elementor-top-column elementor-element elementor-element-00b0a57\" data-id=\"00b0a57\" data-element_type=\"column\">\n\t\t\t<div class=\"elementor-widget-wrap elementor-element-populated\">\n\t\t\t\t\t\t<div class=\"elementor-element elementor-element-a026e62 elementor-widget elementor-widget-edumy_image_box\" data-id=\"a026e62\" data-element_type=\"widget\" data-widget_type=\"edumy_image_box.default\">\n\t\t\t\t<div class=\"elementor-widget-container\">\n\t\t\t\t\t        <div class=\"widget-image-box  layout1\">\n            <div class=\"item-inner\">\n                <div class=\"image-box-image\" style=\"background: url(https:\/\/demoapus2.com\/edumy\/wp-content\/uploads\/2019\/06\/8.jpg)\";><\/div><div class=\"image-box-content\"><a href=\"https:\/\/escueladesaludhsp.com\/?page_id=4182\" target=\"_self\" ><h3 class=\"title\">Calendario Acad\u00e9mico<\/h3><\/a><div class=\"description\">El a\u00f1o acad\u00e9mico comienza la primera semana de septiembre.<\/div><a class=\"btn btn-read-more style3\" href=\"https:\/\/escueladesaludhsp.com\/?page_id=4182\" target=\"_self\" >Leer m\u00e1s <i class=\"flaticon-right-arrow-1\"><\/i><\/a><\/div>            <\/div>\n        <\/div>\n        \t\t\t\t<\/div>\n\t\t\t\t<\/div>\n\t\t\t\t\t<\/div>\n\t\t<\/div>\n\t\t\t\t\t<\/div>\n\t\t<\/section>\n\t\t\t\t<section class=\"elementor-section elementor-top-section elementor-element elementor-element-d763eb5 elementor-section-stretched elementor-section-boxed elementor-section-height-default elementor-section-height-default\" data-id=\"d763eb5\" data-element_type=\"section\" data-settings=\"{&quot;stretch_section&quot;:&quot;section-stretched&quot;,&quot;background_background&quot;:&quot;classic&quot;}\">\n\t\t\t\t\t\t<div class=\"elementor-container elementor-column-gap-extended\">\n\t\t\t\t\t<div class=\"elementor-column elementor-col-50 elementor-top-column elementor-element elementor-element-385560f\" data-id=\"385560f\" data-element_type=\"column\">\n\t\t\t<div class=\"elementor-widget-wrap elementor-element-populated\">\n\t\t\t\t\t\t<div class=\"elementor-element elementor-element-c706d04 elementor-widget elementor-widget-edumy_heading\" data-id=\"c706d04\" data-element_type=\"widget\" data-widget_type=\"edumy_heading.default\">\n\t\t\t\t<div class=\"elementor-widget-container\">\n\t\t\t\t\t<h2 class=\"edumy-heading-title edumy-size-default\">Bienvenidos<\/h2>\t\t\t\t<\/div>\n\t\t\t\t<\/div>\n\t\t\t\t<div class=\"elementor-element elementor-element-0cdbc1d elementor-widget elementor-widget-edumy_heading\" data-id=\"0cdbc1d\" data-element_type=\"widget\" data-widget_type=\"edumy_heading.default\">\n\t\t\t\t<div class=\"elementor-widget-container\">\n\t\t\t\t\t<p class=\"edumy-heading-title edumy-size-default\">La Escuela de Salud fue fundada en 2021 por la Fundaci\u00f3n Educativa HIMA San Pablo, la cual visualiz\u00f3 que ofrecer programas educativos graduados dentro de un ambiente hospitalario era una evoluci\u00f3n natural en su misi\u00f3n de promover la excelencia en la prestaci\u00f3n de servicios de salud en Puerto Rico. <\/p>\t\t\t\t<\/div>\n\t\t\t\t<\/div>\n\t\t\t\t<div class=\"elementor-element elementor-element-2860793 elementor-widget elementor-widget-button\" data-id=\"2860793\" data-element_type=\"widget\" data-widget_type=\"button.default\">\n\t\t\t\t\t\t\t\t\t\t<a class=\"elementor-button elementor-button-link elementor-size-md\" href=\"https:\/\/escueladesaludhsp.com\/?page_id=2471\">\n\t\t\t\t\t\t<span class=\"elementor-button-content-wrapper\">\n\t\t\t\t\t\t\t\t\t<span class=\"elementor-button-text\">Leer M\u00e1s<\/span>\n\t\t\t\t\t<\/span>\n\t\t\t\t\t<\/a>\n\t\t\t\t\t\t\t\t<\/div>\n\t\t\t\t\t<\/div>\n\t\t<\/div>\n\t\t\t\t<div class=\"elementor-column elementor-col-50 elementor-top-column elementor-element elementor-element-a9ba9a7\" data-id=\"a9ba9a7\" data-element_type=\"column\">\n\t\t\t<div class=\"elementor-widget-wrap elementor-element-populated\">\n\t\t\t\t\t\t<div class=\"elementor-element elementor-element-57d1440 elementor-widget elementor-widget-image\" data-id=\"57d1440\" data-element_type=\"widget\" data-widget_type=\"image.default\">\n\t\t\t\t\t\t\t\t\t\t\t\t\t\t\t<img fetchpriority=\"high\" decoding=\"async\" width=\"2560\" height=\"1649\" src=\"https:\/\/escueladesaludhsp.com\/wp-content\/uploads\/2025\/09\/shot-of-a-group-of-unrecognisable-scientists-joini-2025-04-06-12-37-28-utc-scaled.jpg\" class=\"attachment-full size-full wp-image-4232\" alt=\"\" srcset=\"https:\/\/escueladesaludhsp.com\/wp-content\/uploads\/2025\/09\/shot-of-a-group-of-unrecognisable-scientists-joini-2025-04-06-12-37-28-utc-scaled.jpg 2560w, https:\/\/escueladesaludhsp.com\/wp-content\/uploads\/2025\/09\/shot-of-a-group-of-unrecognisable-scientists-joini-2025-04-06-12-37-28-utc-300x193.jpg 300w, https:\/\/escueladesaludhsp.com\/wp-content\/uploads\/2025\/09\/shot-of-a-group-of-unrecognisable-scientists-joini-2025-04-06-12-37-28-utc-1024x660.jpg 1024w, https:\/\/escueladesaludhsp.com\/wp-content\/uploads\/2025\/09\/shot-of-a-group-of-unrecognisable-scientists-joini-2025-04-06-12-37-28-utc-768x495.jpg 768w, https:\/\/escueladesaludhsp.com\/wp-content\/uploads\/2025\/09\/shot-of-a-group-of-unrecognisable-scientists-joini-2025-04-06-12-37-28-utc-1536x990.jpg 1536w\" sizes=\"(max-width: 2560px) 100vw, 2560px\" \/>\t\t\t\t\t\t\t\t\t\t\t\t\t\t\t<\/div>\n\t\t\t\t\t<\/div>\n\t\t<\/div>\n\t\t\t\t\t<\/div>\n\t\t<\/section>\n\t\t\t\t<section class=\"elementor-section elementor-top-section elementor-element elementor-element-19f7d81 elementor-section-stretched elementor-section-boxed elementor-section-height-default elementor-section-height-default\" data-id=\"19f7d81\" data-element_type=\"section\" data-settings=\"{&quot;stretch_section&quot;:&quot;section-stretched&quot;,&quot;background_background&quot;:&quot;classic&quot;}\">\n\t\t\t\t\t\t<div class=\"elementor-container elementor-column-gap-extended\">\n\t\t\t\t\t<div class=\"elementor-column elementor-col-25 elementor-top-column elementor-element elementor-element-0d93a65\" data-id=\"0d93a65\" data-element_type=\"column\">\n\t\t\t<div class=\"elementor-widget-wrap\">\n\t\t\t\t\t\t\t<\/div>\n\t\t<\/div>\n\t\t\t\t<div class=\"elementor-column elementor-col-25 elementor-top-column elementor-element elementor-element-682516c\" data-id=\"682516c\" data-element_type=\"column\">\n\t\t\t<div class=\"elementor-widget-wrap elementor-element-populated\">\n\t\t\t\t\t\t<div class=\"elementor-element elementor-element-58c9b41 elementor-widget elementor-widget-image\" data-id=\"58c9b41\" data-element_type=\"widget\" data-widget_type=\"image.default\">\n\t\t\t\t\t\t\t\t\t\t\t\t\t\t\t<img loading=\"lazy\" decoding=\"async\" width=\"460\" height=\"454\" src=\"https:\/\/escueladesaludhsp.com\/wp-content\/uploads\/2025\/08\/HSP-Logo03.png\" class=\"attachment-large size-large wp-image-4145\" alt=\"\" srcset=\"https:\/\/escueladesaludhsp.com\/wp-content\/uploads\/2025\/08\/HSP-Logo03.png 460w, https:\/\/escueladesaludhsp.com\/wp-content\/uploads\/2025\/08\/HSP-Logo03-300x296.png 300w, https:\/\/escueladesaludhsp.com\/wp-content\/uploads\/2025\/08\/HSP-Logo03-100x100.png 100w\" sizes=\"(max-width: 460px) 100vw, 460px\" \/>\t\t\t\t\t\t\t\t\t\t\t\t\t\t\t<\/div>\n\t\t\t\t<div class=\"elementor-element elementor-element-58a3c3f elementor-widget elementor-widget-heading\" data-id=\"58a3c3f\" data-element_type=\"widget\" data-widget_type=\"heading.default\">\n\t\t\t\t\t<h5 class=\"elementor-heading-title elementor-size-default\">Escuela de Salud <br>HIMA San Pablo<\/h5>\t\t\t\t<\/div>\n\t\t\t\t\t<\/div>\n\t\t<\/div>\n\t\t\t\t<div class=\"elementor-column elementor-col-25 elementor-top-column elementor-element elementor-element-451e26d\" data-id=\"451e26d\" data-element_type=\"column\">\n\t\t\t<div class=\"elementor-widget-wrap elementor-element-populated\">\n\t\t\t\t\t\t<div class=\"elementor-element elementor-element-6f50090 elementor-widget elementor-widget-image\" data-id=\"6f50090\" data-element_type=\"widget\" data-widget_type=\"image.default\">\n\t\t\t\t\t\t\t\t\t\t\t\t\t\t\t<img loading=\"lazy\" decoding=\"async\" width=\"460\" height=\"454\" src=\"https:\/\/escueladesaludhsp.com\/wp-content\/uploads\/2025\/08\/LOGO_JIP.png\" class=\"attachment-large size-large wp-image-4130\" alt=\"\" srcset=\"https:\/\/escueladesaludhsp.com\/wp-content\/uploads\/2025\/08\/LOGO_JIP.png 460w, https:\/\/escueladesaludhsp.com\/wp-content\/uploads\/2025\/08\/LOGO_JIP-300x296.png 300w, https:\/\/escueladesaludhsp.com\/wp-content\/uploads\/2025\/08\/LOGO_JIP-100x100.png 100w\" sizes=\"(max-width: 460px) 100vw, 460px\" \/>\t\t\t\t\t\t\t\t\t\t\t\t\t\t\t<\/div>\n\t\t\t\t<div class=\"elementor-element elementor-element-6e757f4 elementor-widget elementor-widget-heading\" data-id=\"6e757f4\" data-element_type=\"widget\" data-widget_type=\"heading.default\">\n\t\t\t\t\t<h5 class=\"elementor-heading-title elementor-size-default\">Junta de Instituciones Postsecundarias<\/h5>\t\t\t\t<\/div>\n\t\t\t\t\t<\/div>\n\t\t<\/div>\n\t\t\t\t<div class=\"elementor-column elementor-col-25 elementor-top-column elementor-element elementor-element-e54ae41\" data-id=\"e54ae41\" data-element_type=\"column\">\n\t\t\t<div class=\"elementor-widget-wrap\">\n\t\t\t\t\t\t\t<\/div>\n\t\t<\/div>\n\t\t\t\t\t<\/div>\n\t\t<\/section>\n\t\t\t\t<\/div>\n\t\t","protected":false},"excerpt":{"rendered":"<p>Programa Maestr\u00eda en Nurse Practitioner en Cuidado Agudo en Gerontolog\u00eda-AdultoLeer m\u00e1s Ayudas Econ\u00f3micas Su objetivo es facilitar el acceso y la permanencia en la educaci\u00f3n postsecundariaLeer m\u00e1s Cert\u0131f\u0131caci\u00f3n Escuela de &hellip; <br \/><a href=\"https:\/\/escueladesaludhsp.com\/\" class=\"more-link\">Continue reading <span class=\"screen-reader-text\">Home &#8211; University<\/span><\/a><\/p>\n","protected":false},"author":1,"featured_media":0,"parent":0,"menu_order":0,"comment_status":"closed","ping_status":"closed","template":"","meta":{"footnotes":""},"class_list":["post-1449","page","type-page","status-publish","hentry"],"_links":{"self":[{"href":"https:\/\/escueladesaludhsp.com\/index.php?rest_route=\/wp\/v2\/pages\/1449","targetHints":{"allow":["GET"]}}],"collection":[{"href":"https:\/\/escueladesaludhsp.com\/index.php?rest_route=\/wp\/v2\/pages"}],"about":[{"href":"https:\/\/escueladesaludhsp.com\/index.php?rest_route=\/wp\/v2\/types\/page"}],"author":[{"embeddable":true,"href":"https:\/\/escueladesaludhsp.com\/index.php?rest_route=\/wp\/v2\/users\/1"}],"replies":[{"embeddable":true,"href":"https:\/\/escueladesaludhsp.com\/index.php?rest_route=%2Fwp%2Fv2%2Fcomments&post=1449"}],"version-history":[{"count":39,"href":"https:\/\/escueladesaludhsp.com\/index.php?rest_route=\/wp\/v2\/pages\/1449\/revisions"}],"predecessor-version":[{"id":4414,"href":"https:\/\/escueladesaludhsp.com\/index.php?rest_route=\/wp\/v2\/pages\/1449\/revisions\/4414"}],"wp:attachment":[{"href":"https:\/\/escueladesaludhsp.com\/index.php?rest_route=%2Fwp%2Fv2%2Fmedia&parent=1449"}],"curies":[{"name":"wp","href":"https:\/\/api.w.org\/{rel}","templated":true}]}}